082?
True
Does 37 divide 1042697?
True
Does 270 divide 25637275?
False
Is 431556396 a multiple of 12?
True
Does 10 divide 59278880?
True
Is 55976645 a multiple of 25?
False
Does 1397 divide 2334459644?
True
Is 19 a factor of 1367610997?
False
Is 923 a factor of 144534345?
False
Is 75 a factor of 1140309825?
True
Is 67426392 a multiple of 153?
False
Is 30 a factor of 566029064?
False
Does 19 divide 17751987?
False
Does 15 divide 25979024?
False
Does 5 divide 1276664?
False
Is 33787637 a multiple of 1741?
False
Does 1306 divide 16801690?
True
Does 3096 divide 1077717596?
False
Is 41 a factor of 920692826?
False
Is 7 a factor of 401443?
True
Is 147973992 a multiple of 8?
True
Does 16 divide 5845921?
False
Does 82 divide 408642739?
False
Is 364040940 a multiple of 30?
True
Is 66707178 a multiple of 7?
False
Does 152 divide 947156080?
True
Is 137 a factor of 18392473?
False
Is 2199 a factor of 29677704?
True
Is 3000884850 a multiple of 10825?
True
Is 9 a factor of 3888363?
False
Does 35 divide 218199730?
True
Is 550 a factor of 43559334?
False
Is 12 a factor of 224271073?
False
Is 41012695 a multiple of 109?
False
Is 7 a factor of 68429326?
True
Does 18 divide 116312197?
False
Is 40107296 a multiple of 16?
True
Is 12 a factor of 147130577?
False
Does 3358 divide 1491774710?
True
Is 459 a factor of 55679913?
True
Is 5962656 a multiple of 934?
True
Is 27359177 a multiple of 97?
False
Does 38 divide 28520959?
False
Does 1057 divide 26914391?
True
Is 25710541 a multiple of 15?
False
Is 185 a factor of 1543313845?
True
Is 7 a factor of 273841351?
True
Does 388 divide 731425427?
False
Does 25 divide 58099309?
False
Is 34435947 a multiple of 273?
True
Is 270883834 a multiple of 46?
True
Does 4140 divide 245424568?
False
Does 386 divide 287694587?
False
Is 460 a factor of 12708880?
True
Is 80 a factor of 13005280?
True
Is 6097176 a multiple of 86?
False
Does 755 divide 508730325?
True
Does 12 divide 58740936?
True
Does 25 divide 6825825?
True
Does 29 divide 71062153?
False
Does 1542 divide 96156978?
False
Does 538 divide 578983332?
False
Is 2706 a factor of 48905538?
True
Is 2945824 a multiple of 63?
False
Does 2116 divide 13826877?
False
Does 118 divide 430524298?
True
Is 527252508 a multiple of 12?
True
Is 117394230 a multiple of 4?
False
Does 329 divide 16858618?
True
Is 230522959 a multiple of 1195?
False
Is 1373888069 a multiple of 4177?
False
Is 25287196 a multiple of 4?
True
Is 243 a factor of 156904076?
False
Is 1369310 a multiple of 128?
False
Is 8 a factor of 21627728?
True
Is 76952562 a multiple of 80?
False
Does 501 divide 21602118?
True
Is 1009 a factor of 545182880?
True
Is 102 a factor of 47921423?
False
Is 253 a factor of 410814063?
True
Is 128497400 a multiple of 804?
False
Is 106714503 a multiple of 483?
True
Is 16 a factor of 64525757?
False
Does 63 divide 3910471?
False
Does 47 divide 482993761?
True
Is 134751785 a multiple of 623?
True
Does 2687 divide 670199601?
True
Is 540149667 a multiple of 1414?
False
Is 7853321 a multiple of 18?
False
Is 93724433 a multiple of 2519?
True
Is 1105 a factor of 3361316392?
False
Does 55 divide 71939372?
False
Is 254823530 a multiple of 13?
True
Is 223 a factor of 3487761255?
True
Does 509 divide 66256068?
False
Does 1334 divide 33403479?
False
Does 14 divide 2045982895?
False
Is 47945678 a multiple of 3179?
True
Does 22 divide 134914054?
True
Is 793592326 a multiple of 3574?
False
Is 14 a factor of 12360530?
True
Does 17 divide 83023144?
False
Does 30 divide 9381202?
False
Does 124 divide 73900427?
False
Is 1633 a factor of 117656432?
False
Does 10 divide 23294120?
True
Is 884 a factor of 3533612316?
True
Is 20269428 a multiple of 19?
True
Is 47926548 a multiple of 4?
True
Is 63131340 a multiple of 1220?
True
Is 3919276 a multiple of 4?
True
Is 24 a factor of 29140872?
True
Is 1005282042 a multiple of 24?
False
Is 1569069183 a multiple of 42?
False
Is 31 a factor of 11622985?
True
Is 86 a factor of 930760165?
False
Is 2102967609 a multiple of 51?
True
Does 4724 divide 1245676284?
True
Is 4939 a factor of 162961862?
False
Is 1091335960 a multiple of 5720?
True
Does 34 divide 440531302?
True
Does 147 divide 5572290?
False
Is 53 a factor of 27377071?
False
Does 1413 divide 13777090?
False
Is 459 a factor of 25053597?
True
Is 97350365 a multiple of 35?
True
Is 2519092 a multiple of 10?
False
Is 564740136 a multiple of 1224?
True
Is 505959984 a multiple of 1479?
True
Is 151353789 a multiple of 89?
False
Is 648 a factor of 238887485?
False
Is 263378983 a multiple of 498?
False
Does 11 divide 213955483?
False
Is 44 a factor of 103820112?
True
Is 974563380 a multiple of 35?
True
Is 259861728 a multiple of 3864?
True
Does 57 divide 129141081?
True
Is 986788390 a multiple of 142?
False
Does 2964 divide 82037592?
True
Is 126250044 a multiple of 114?
False
Does 41 divide 66562559?
False
Does 49 divide 84305305?
False
Does 1302 divide 997187023?
False
Is 333 a factor of 58204404?
True
Is 826806674 a multiple of 234?
False
Is 364118702 a multiple of 74?
True
Does 325 divide 338431387?
False
Is 11 a factor of 72486690?
False
Is 2585 a factor of 76177365?
True
Is 35 a factor of 46100600?
True
Does 13 divide 34713006?
False
Is 19 a factor of 60419048?
False
Does 92 divide 538873700?
False
Is 260750172 a multiple of 141?
True
Does 8 divide 529121416?
True
Is 19 a factor of 17271000?
True
Is 21 a factor of 563220714?
True
Is 1091 a factor of 6840441?
False
Is 32782404 a multiple of 1059?
True
Does 39 divide 3251826373?
False
Is 1492 a factor of 1846255?
False
Is 10270792 a multiple of 76?
True
Is 19000502 a multiple of 1529?
False
Does 92 divide 1496784340?
True
Does 394 divide 23590003?
False
Is 57 a factor of 24815483?
False
Is 11 a factor of 106135150?
True
Is 191 a factor of 303280771?
False
Is 54437967 a multiple of 27?
True
Is 52421578 a multiple of 433?
True
Is 436 a factor of 62378520?
True
Is 72066877 a multiple of 225?
False
Is 7 a factor of 74788595?
True
Is 19 a factor of 1973897244?
False
Is 484 a factor of 426592613?
False
Is 311 a factor of 54593739?
False
Is 26122429 a multiple of 50?
False
Is 429390888 a multiple of 106?
False
Is 316526375 a multiple of 653?
False
Is 1417135356 a multiple of 4122?
True
Does 62 divide 89827212?
True
Is 153763531 a multiple of 277?
True
Is 2125580754 a multiple of 33?
True
Is 612517532 a multiple of 14?
False
Does 13 divide 2236159?
False
Does 104 divide 73446446?
False
Is 3656384 a multiple of 64?
True
Is 59748085 a multiple of 8?
False
Does 1029 divide 31674678?
True
Is 93248010 a multiple of 162?
True
Is 258 a factor of 1413244536?
True
Is 619351897 a multiple of 15?
False
Is 24497708 a multiple of 2?
True
Does 47 divide 9260472?
False
Is 153455549 a multiple of 169?
True
Does 59 divide 6266980?
True
Does 808 divide 2169588272?
True
Is 261 a factor of 12945339?
True
Does 248 divide 255429584?
True
Is 15 a factor of 723086505?
True
Is 37529946 a multiple of 27?
True
Does 50 divide 4019014950?
True
Is 432 a factor of 3373966832?
False
Is 440 a factor of 12417884?
False
Does 52 divide 5469539?
False
Is 163385296 a multiple of 242?
False
Is 681725960 a multiple of 620?
True
Does 28 divide 50223881?
False
Does 18 divide 92586627?
False
Is 5156619 a multiple of 19?
True
Does 398 divide 700804370?
True
Is 11375515 a multiple of 1465?
False
Is 418 a factor of 605340974?
False
Does 1032 divide 100848072?
True
Does 167 divide 50095157?
True
Is 555 a factor of 46070550?
True
Is 1609 a factor of 198508766?
True
Is 47643843 a multiple of 221?
True
Does 210 divide 42832230?
True
Is 347 a factor of 1289116104?
True
Is 47 a factor of 9926523?
False
Is 89 a factor of 10999206?
False
Is 103099788 a multiple of 167?
True
Does 59 divide 79830776?
True
Is 4905 a factor of 38278620?
True
Does 216 divide 1020435654?
False
Is 6174 a factor of 290529137?
False
Is 1108544024 a multiple of 58?
True
Is 52 a factor of 916032?
True
Is 40 a factor of 72602040?
True
Is 127 a factor of 17886807?
True
Is 132304410 a multiple of 19?
True
Is 255201227 a multiple of 552?
False
Is 3882 a factor of 478572960?
True
Does 12 divide 8843760?
True
Is 6215575 a multiple of 2?
False
Does 59 divide 2132473640?
False
Does 38 divide 25346218?
False
Does 2941 divide 34353821?
True
Does 99 divide 48749790?
False
